n**5/60 + n**4/12 - n**3/6 + 2*n**2. Let l(u) = -8 + 23*u + u**2 - 63 - 2*u. Let a be l(-24). Determine g(a).
5
Let y = 20 + 25. Suppose -9*p + 4*p = -y. Let w(k) = 647*k + 2*k**2 - k**3 + p*k**2 - 13 - 646*k. Calculate w(11).
-2
Suppose -43*a = 117 - 461. Let d(w) be the first derivative of w**3/3 - 3*w**2 - 10*w + 2. Determine d(a).
6
Let p(q) = -30*q + 83. Let r be p(6). Let w = r + 100. Let t(y) = -y**2 + y - 2. Give t(w).
-8
Let y(j) = -2*j + 6. Let l(q) = -q**3 - 2*q**2 + 3*q - 9. Let d be l(3). Let n be 293/6 - 1/(-6). Let p = n + d. Give y(p).
-2
Let t(i) = -3*i + 278 - 25*i - 18*i + 5*i. Give t(7).
-9
Suppose 6*r + 2*l = 8*r - 2, 6 = r - 2*l. Let s(v) = -2*v - 2. Calculate s(r).
6
Suppose 37*s - 241 = -62 - 105. Let t(v) be the third derivative of -1/12*v**4 - v**s + 1/2*v**3 + 0 + 0*v. Give t(-3).
9
Let b(i) = -i**3 - 2*i**2 + 3*i - 2. Let s = 17 - 17. Suppose s = 3*p + 9 + 72. Let q = 24 + p. Give b(q).
-2
Let z(v) = 9*v. Suppose -5*g + 3*w + 3 = 0, -3 = -0*g - g + 3*w. Suppose g = -d + p - 1, d = 2*p - 2 - 1. Calculate z(d).
9
Let v(a) = -19*a**2 - 11*a - 74. Let r(o) = 41*o**2 + 22*o + 159. Let f(w) = -6*r(w) - 13*v(w). Calculate f(-9).
-10
Let u(c) be the second derivative of c**6/360 - c**4/6 + 94*c**3/3 - 100*c. Let i(s) be the second derivative of u(s). Calculate i(7).
45
Let k(w) = 3*w**2 - 2*w - 6. Let n(u) be the third derivative of u**5/30 - u**4/6 - 4*u**3/3 + 28*u**2 + 3*u. Let o(h) = -3*k(h) + 4*n(h). Calculate o(-10).
-14
Suppose -92*o - 1067 = -11*o + 16*o. Let q(r) = 11*r + 54. What is q(o)?
-67
Let q be 3*-3*8/(-720)*10. Let p(m) be the second derivative of -7*m**4/12 - m**3/3 + m**2/2 + 8*m. Calculate p(q).
-8
Let i(v) = 3*v**2 - 4*v**2 + 27*v + 4*v + v**2 - v**2 - 17. Let z(k) = k**2 - 34*k + 19. Let n(y) = 7*i(y) + 6*z(y). What is n(12)?
7
Let o(v) = -3*v**2 + 3*v. Let h(m) = m**2 + 4*m + 29. Let f be h(-12). Let x = 127 - f. What is o(x)?
-6
Let l(f) = 0*f - f**3 - 4*f**2 + 3 + 3*f**2 - 3*f + 5*f. Let q be l(-2). Let u(o) = -q*o**2 - 100*o + 99*o - o**2 - 2. Give u(-2).
-16
Let k(o) be the first derivative of 27*o**2/2 - 584*o - 2720. What is k(22)?
10
Let i(x) be the third derivative of -x**3/6 - 2*x**2 + 61*x. Let p(h) = -2*h**2 - h - 5. Let k(y) = -3*i(y) + p(y). What is k(-2)?
-8
Let n(r) = r - 5. Suppose 5*s - 32 = -2. Let c be n(s). Let b(j) be the third derivative of j**6/120 + j**5/60 - j**4/24 - 3*j**2 - 2. Give b(c).
1
Let j(f) be the first derivative of 121*f**3/3 + f**2/2 - 21. Let r be j(1). Let h(c) = 56 - r - 8*c + 65. What is h(1)?
-9
Let g(d) = -d**3 + d**2 + d + 3. Let m = 184 + -151. Let f be 22/(-4)*(-18)/m. What is g(f)?
-12
Let g(j) = j**3 + 11*j - 3. Suppose h + 77*n = 81*n + 33, -17 = -2*h + n. Give g(h).
177
Let r(f) be the third derivative of -f**5/60 - f**4/12 - 25*f**3/6 - 221*f**2 - 7*f - 2. Give r(5).
-60
Let i(f) = 16*f + 17. Let t(a) = 9*a + 9. Let k = -303 - -300. Let m(w) = k*i(w) + 5*t(w). What is m(-4)?
6
Let h(i) be the third derivative of -i**5/60 - i**4/24 - 13*i**3/6 - 78*i**2. Determine h(0).
-13
Let k(l) = -l. Let s(u) = -17*u + 23. Let b(j) = 15*j - 22. Let r(c) = 6*b(c) + 5*s(c). Let h(v) = 3*k(v) + r(v). Calculate h(8).
-1
Let l be 23 - (-3 + 6) - 10/5. Let g = -1 + l. Let w = -14 + g. Let b(x) = -x**3 + 3*x**2 - 4. What is b(w)?
-4
Let d(a) = -3*a**3 - 2*a**2 + a. Let h(f) = f + 33. Let o be h(17). Let i = -49 + o. Let c(t) = t. Let n be c(i). Give d(n).
-4
Suppose -13*h = -12*h - 87. Let t = h + -91. Let v(m) = 3*m + m**2 - 5*m**2 + m**2 - m**3 + 3. Calculate v(t).
7
Let v(j) be the second derivative of 0*j**4 - 27/2*j**2 + 26*j + 1/30*j**5 + 0*j**3 + 0. Let d(z) be the first derivative of v(z). Determine d(-1).
2
Let u(h) = 6*h - 1. Suppose -35*w = -38*w + 3. Let l(c) = 1 - c + 5*c - 9*c + 4*c. Let t(m) = w*u(m) + 4*l(m). Calculate t(-2).
-1
Let m(p) = -56 - 61 + 176 - 7*p**2 - 61 + 71*p. Calculate m(10).
8
Let k(t) = -48*t**3 + t**2 - 3*t - 2. Suppose 34 - 37 = b, 3*y + 2*b = -9. What is k(y)?
50
Suppose 7 = 2*h + 5*r, -13 = -10*h + 4*r - 123. Let w(q) = q**3 + 8*q**2 - 15*q - 18. Determine w(h).
36
Let s(p) = -p**2 - 3*p + 3. Suppose 4*y + 9 - 14 = -5*t, -13 = -5*y - 4*t. Suppose -3*q - y*i - 27 = 0, 7*q - 4*q + 6 = 2*i. Give s(q).
-1
Suppose -288 = -44*q + 106*q - 40. Let x(d) be the first derivative of 2*d**3/3 + 2*d**2 + 1. Calculate x(q).
16
Let i(k) = 90 - 11 - 8*k - 103. What is i(-5)?
16
Let y(c) = -3*c**3 + c**2 - c + 1. Let x = -25 - -35. Suppose 15*s + x = 25. Give y(s).
-2
Suppose 3947508*r - 3947494*r - 84 = 0. Let w(b) = -b**2 + 7*b + 1 - 2 + 6. Give w(r).
11
Let r(m) = 12 + 16 - m**2 - 23 + 5*m. Let u be ((-315)/(-84))/((-3)/(-4)). What is r(u)?
5
Let r(t) = -25 + 14*t - 48*t**2 - 18*t + 50*t**2. Let f be r(4). Let x(n) = -n - 9. Let q(a) = 4*a + 35. Let c(m) = 2*q(m) + 9*x(m). Determine c(f).
-2
Let v(f) = f**3 + 6*f**2 + 4*f + 26. Let s be v(-6). Let i(w) = -17*w - 23*w - 20*w + 4*w**s + 2 + 57*w. Calculate i(2).
12
Let x(i) = -i**2 + 7*i + 12. Let j(g) = -g**3 + 5*g**2 - 2*g - 1. Let q be j(2). Suppose -2*d - q*d = -81. Calculate x(d).
-6
Let i(l) = 4*l + 1. Let t = -211 + 439. Let d = t - 234. What is i(d)?
-23
Let h(y) = 7*y**2 - 9*y - 9. Let f be (-58)/87 + 2/(-6). Give h(f).
7
Let b(h) = 13*h**3 - 2*h**2 + 1. Let p be b(-1). Let x = p - -12. Let a(d) = 2*d**3 + 3*d**2 + d + 1. What is a(x)?
-5
Let r(g) be the second derivative of g**4/12 + 17*g**3/6 - 21*g**2/2 + 1366*g. Calculate r(-17).
-21
Let z(g) be the first derivative of -g**3/3 + g - 525. Suppose 6 = 4*b - 6. Suppose -5*t - 6 = -5*i + 19, -4*t - b*i = -15. Determine z(t).
1
Let c(z) = -15 + z**3 - 3*z**2 + 4*z**2 + 6. Let i = -33 + 9. Let n = 24 + i. Determine c(n).
-9
Let u(b) = b**3 - 13*b**2 + 34*b + 6. Let w be 3 + ((-3)/6)/(6*10/(-720)). What is u(w)?
-12
Suppose 3*y - 36 = 0, -p - 40*y + 38*y + 23 = 0. Let x(z) be the second derivative of -1/2*z**2 + 2*z + 0 - 3/10*z**5 - 1/6*z**3 - 1/12*z**4. What is x(p)?
5
Let y be ((-32)/48)/((-1)/(-6)). Let w(z) be the third derivative of z**6/120 + z**5/10 + 5*z**4/24 - z**3/6 - 84*z**2. Determine w(y).
11
Let g(k) = 14*k + 10. Suppose -41 + 83 = -6*l - 15*l. Determine g(l).
-18
Let o(p) be the first derivative of -3*p**2/2 - 5*p + 1016. Calculate o(-7).
16
Let u = -30 + 85. Suppose 0 = 5*y - 15 + u. Let j(z) = -z**3 - 8*z**2 + z + 8. Give j(y).
0
Let q(r) = r**2 + 6*r - 3. Suppose -2*v = -3*g + 10, -2*g - g + 3*v + 12 = 0. Let j(t) = -4*t**2 - 19*t + 9. Let d(i) = g*j(i) + 7*q(i). Give d(5).
-8
Let k(g) = -31*g**2 + 5*g - 8. Let x(i) = 19*i**2 - 4*i + 6. Let n(b) = -2*k(b) - 3*x(b). Let q = 3 + -1. Give n(q).
22
Let g(i) be the second derivative of -7*i**3/2 + 151*i**2 - 8187*i. Calculate g(15).
-13
Let q(t) = -7*t**2 - 5*t - 5. Let b(l) = -9*l + 3. Let a be b(1). Let p(w) = -w - 1. Let z be 14/21 + (-2)/(-6). Let r(u) = a*p(u) + z*q(u). Determine r(-1).
-7
Let o(h) = -86*h + 21. Let w(f) = 20*f + 1. Let q(a) = o(a) + 4*w(a). Determine q(-4).
49
Let g(s) = -3*s**2 - 11 + 0 - 7*s - 315*s**3 - 273*s**3 + 586*s**3 - 2*s**2. Calculate g(-2).
-1
Let t(j) be the first derivative of 5*j**2/2 - 17*j + 4288. Calculate t(5).
8
Let s(m) = -44*m**2 - m + 1. Let f(j) = -87*j**2 - 9*j - 41. Let z(x) = f(x) - 2*s(x). What is z(13)?
35
Let y(z) be the second derivative of z**5/10 - 5*z**4/4 + 5*z**3/3 - 7*z**2 - 571*z. Calculate y(7).
7
Let k(x) = 5*x**3 + 5*x**3 + 6 - 11*x**3 + 79*x + 46*x**2 + 126*x + 2*x**3. What is k(-41)?
6
Let m(z) = -13 - 35*z - 26*z - 24*z + z**3 + 115*z + 21*z**2 - 11*z. What is m(-20)?
7
Let d(o) = 63*o + 61. Let t(q) = 25*q + 25. Let u(k) = 2*d(k) - 5*t(k). Suppose 4*l + 1 = 21. Let s = l + -5. Calculate u(s).
-3
Let i(a) be the first derivative of -10*a + a**3 - 3*a**2 + 20 + 1/4*a**4. Let t be i(-4). Let c(d) = -2*d**2 - 2*d - 2. Determine c(t).
-6
Suppose -10*f + 8*f + 8 = 0. Let g(y) = 16*y**3 - 13*y**2 + 9*y + 1. Let s(k) = -13*k**3 + 12*k**2 - 9*k - 1. Let t(z) = f*g(z) + 5*s(z). Determine t(7).
-15
Let c(o) = 41 + 129 - 158 + 3*o**2 + 8*o - 2*o**2. Calculate c(-14).
96
Let q(a) be the first derivative of -a**3/3 + 2*a**2 + 2*a + 10383. Let c = 8 - 4. What is q(c)?
2
Let h(g) be the second derivative of 1/2*g**3 + 0 + g**2 - 54*g. Suppose 2*z + 0*z - 5*r + 31 = 0, -2*z = 5*r - 19. Give h(z).
-7
Let n(q) = 8*q - 119.